 d = m + 90. List the prime factors of d.
2, 251
Suppose 5*a - 265544 = -71*a. List the prime factors of a.
2, 1747
Let n = 542 + -170. List the prime factors of (n/(-14))/((-8)/(-672)*-4).
2, 3, 31
Let s be (-6 - 1) + (-5 - -10). What are the prime factors of (s/4)/((-8)/14384)?
29, 31
Suppose -10297 = -y - y + 15479. What are the prime factors of y?
2, 3, 179
Let j be 2/3*(2 + 809/2). Suppose 5*n - 4*q = 724, 4*n + 4*q = 337 + j. List the prime factors of n.
2, 37
Let h = -828 - -1312. Let q(p) = -p**3 + 4*p**2 + 5*p + 2. Let z be q(5). Suppose -c - z*g + 99 = 0, c - 6*c + h = -g. List the prime factors of c.
97
Let k(r) = 12*r**2 + 5*r - 6. Let d be k(4). Suppose -118 = 3*b + d. Let c = b + 179. List the prime factors of c.
71
Suppose 38*k - 117450 = 23*k. List the prime factors of k.
2, 3, 5, 29
Suppose 21*w - 456241 - 236570 = 0. What are the prime factors of w?
3, 7, 1571
Let u = 4 + 1. Let f(j) = 22 + 37 + 6*j**2 - 59 - 7*j. What are the prime factors of f(u)?
5, 23
Let f be ((-7)/5 - -1)/(176/440). What are the prime factors of 531/9*(f + 10)?
3, 59
Let v(f) = -f**3 - 9*f**2 - 32*f - 52. Let d be v(-19). Suppose -2*n - 3*n - 2*r = -d, 5*n - 4157 = r. List the prime factors of n.
2, 13
What are the prime factors of -1 - -10 - (-33 - 6604)?
2, 3323
Let g be 168/36*(-2 - (-40)/14). Let i be (442 - 0)*6/(-12). What are the prime factors of 2 - 1 - g - (i + -1)?
3, 73
Suppose -9*w + 2*w = 0. Let v be (2/(-2))/(w + 2/230). Let x = -3 - v. What are the prime factors of x?
2, 7
Suppose 17413 = 5*f + j, 3*f + 4*j = -4908 + 15349. What are the prime factors of f?
3, 43
Suppose 0 = 5*b + 16 - 26. Suppose 2*c + b*c = -16. List the prime factors of 4/((-32)/166)*c.
83
Suppose -3*s + s - 234 = 0. Let v be 12/(-14) - -1 - s/63. Suppose 5*f - 80 = -v*m, -3*m + 120 = -m - 5*f. List the prime factors of m.
2, 5
Let i(r) = -23*r + 23628. What are the prime factors of i(0)?
2, 3, 11, 179
Let p = 113 + -110. Let z be 763/5 + p + 52/(-20). Suppose w + 15 = z. List the prime factors of w.
2, 3, 23
Suppose -39279 = -5*q + j + 40191, -q + j = -15890. What are the prime factors of q?
5, 11, 17
Let z(l) = -645*l - 92. Let y be z(-12). List the prime factors of (-2)/7 - y/(-14).
2, 3, 7, 13
Suppose -10 - 1070 = -6*b. Let u = 416 - b. What are the prime factors of u?
2, 59
Suppose 2*n + 22 = 48. Suppose -n*z + 3240 = -5*z. What are the prime factors of z?
3, 5
Let p = -109 + 116. Let d(z) = z**3 - 2*z**2 + 2*z. Let i be d(p). Suppose -57*j = -56*j - i. List the prime factors of j.
7, 37
Suppose 3*q = -8 - 10. Let j be (8/(-3))/(4/q). Suppose -c = -2*c - j, c = -2*g + 266. What are the prime factors of g?
3, 5
Let o be 17666/30 + (-22)/(-165). Suppose -3*a = -o - 1151. List the prime factors of a.
2, 5, 29
Suppose 5*t + 18361 = -2*m + 52461, -t - 6*m + 6848 = 0. What are the prime factors of t?
2, 7, 487
Suppose s - 18371 = i, 4*s + 4*i - 1313 - 72187 = 0. List the prime factors of s.
19, 967
Let j(b) = -235*b + 5493. List the prime factors of j(21).
2, 3, 31
Let p(m) = -324*m + 684. List the prime factors of p(-17).
2, 3, 43
What are the prime factors of (-35539)/(3*126/(-54))?
5077
Let g(m) = 3*m + 10. Let h(s) = -s**2 - 22*s + 21. Let i be h(-23). List the prime factors of g(i).
2
Let c = -559 - -443. What are the prime factors of (-10)/8 + (-84245)/c?
5, 29
Let v be 4/1 + (48 - 16). Suppose -85*t = -79*t - v. Let m(k) = k**2 - k + 38. What are the prime factors of m(t)?
2, 17
Suppose -2005 = -3*f - 382. Let c be f/(-11) + (-6)/(-33). Let b = -7 - c. What are the prime factors of b?
2, 3, 7
Suppose -2*b - 2*j = -8, -j + 3 = 5*b - 1. Suppose b*c - 4*c + 16 = 0. Suppose u - c = 0, 4*d - 3*d - 31 = 4*u. What are the prime factors of d?
47
Suppose -6650 = 29*p - 34*p. Suppose 670 = 2*h - 2*s, -9*h + s - p = -13*h. What are the prime factors of h?
3, 37
Let b(q) = q**2 + 2*q - 2. Let a be b(4). Let s = 46 - a. What are the prime factors of (-24)/s*(-1 + 0 + -141)?
2, 71
Let p = 33111 + -6915. What are the prime factors of p?
2, 3, 37, 59
Let b(n) = 145*n**2 + 4. Let f be b(-5). Suppose -f + 956 = -4*h - 5*o, 3*o = 5*h - 3369. What are the prime factors of h?
2, 3, 7
Let v(n) = 1321*n**2 - 41*n - 273. List the prime factors of v(-6).
3, 5281
Let i(b) = 36*b**2 + 4*b + 7. Suppose 0 = -17*j - 137 + 86. What are the prime factors of i(j)?
11, 29
Let j be -2 + 3 - (1 + -239). Suppose 5*h = 3*n - 4*n + 117, 5*h - j = -2*n. Suppose -y - n = -3*y. List the prime factors of y.
61
Suppose 4*f + 2*m = -60, -5*m + 56 - 10 = -4*f. Let d(t) = t**3 + 16*t**2 + 7*t - 29. List the prime factors of d(f).
5, 53
Suppose -l - 7*l = -168. Let o = 24 - l. List the prime factors of (-688)/(-24) - ((-1)/o - -1).
2, 7
Let n = 3213 + -1022. What are the prime factors of n?
7, 313
Let b(p) = 2*p**3 + 102*p**2 - 96*p - 160. What are the prime factors of b(-50)?
2, 5, 241
Suppose -46*g + 1594942 - 255019 = g. List the prime factors of g.
3, 13, 17, 43
Let u(y) = -y**3 + 30*y**2 - 71*y + 209. What are the prime factors of u(-17)?
53, 283
Suppose -4*y - 35 = -5*b - y, 2*b + 5*y - 45 = 0. Let k be 168 + (-5)/((-25)/b). Let x = k - 48. What are the prime factors of x?
2, 61
Let i(f) = -5*f - 1. Let v be i(1). Let b(y) be the third derivative of -y**5/60 - 5*y**4/12 - y**3 - 620*y**2. List the prime factors of b(v).
2, 3
Let h(z) = 102*z**2 + 79*z + 97. What are the prime factors of h(-13)?
2, 3, 151
What are the prime factors of 2/(-7) - (-6 - 5591187/147)?
109, 349
Let t be (-4096)/(-22) - -3*2/(-33). Suppose -i + 328 = -35. Let m = i - t. What are the prime factors of m?
3, 59
Suppose 10*x + 24 = 16*x. Suppose -408 = x*m + 5*a - 1809, 0 = 5*a + 15. What are the prime factors of m?
2, 3, 59
Let s = 7300 - 2800. Suppose -35*o + 15*o = -s. What are the prime factors of o?
3, 5
Let s = -17968 + 24454. What are the prime factors of s?
2, 3, 23, 47
Let u(r) = -r**2 - 27*r + 60. Let j be u(-29). Suppose -7*p + j*p - 5*t + 3735 = 0, 3*t = -p + 739. List the prime factors of p.
751
Suppose -6744 = -7*z + 1173. Let u = z - 728. Suppose -40 = 3*f - u. What are the prime factors of f?
11
Let x(i) = -i**2 + 21*i - 4. Let c = 90 + -69. Let h be x(c). List the prime factors of (33*(-4)/14)/(h/28).
2, 3, 11
List the prime factors of (-25170)/(-12) + (0 - 1/2).
3, 233
Suppose 0*n - 24 = -6*n. Suppose n*m - 1005 + 21 = 0. What are the prime factors of m/10 + 1 + 6/(-10)?
5
Let v = 16628 + -7985. List the prime factors of v.
3, 43, 67
Let f(x) = x + 13. Let j be f(-9). Let q = -17 - -18. Suppose -j*u = -q - 11. What are the prime factors of u?
3
Let b(o) = -30*o + 4853. List the prime factors of b(-52).
11, 53
Let n = -376 - -380. Suppose 3*u + 3*w = 1872, 3*u + n*w = 2*u + 639. What are the prime factors of u?
619
Suppose 17*n = 549*n - 35549836. What are the prime factors of n?
19, 3517
Let t be -5 + 8 - -3 - 1101. Let u = t + 1638. What are the prime factors of u?
3, 181
Let x(g) = -35*g**2 - 8*g - 10. Let p be x(6). Let d = 2075 + p. List the prime factors of d.
757
Suppose 2*h = 4*o + 190, 0*o = -3*h + o + 300. Let i = h - 78. Let m(b) = b**2 - 19*b + 6. List the prime factors of m(i).
2, 7
Let r = 18452 - 5504. What are the prime factors of r?
2, 3, 13, 83
Let u(o) = -2*o**2 + 9*o + 17. Let d be u(-2). List the prime factors of ((-6)/d)/(16/408).
17
Suppose 4*p + 2*t + 82 = 3*t, -4*t = -p - 28. What are the prime factors of (12/p)/(4/(-4280))?
2, 3, 107
Suppose -23 = -f - 65. Let t be 108/f*56/(-3). What are the prime factors of (-34)/((-6)/(-15) - t/45)?
3, 17
Let o = 249 - 305. Let p = o + 535. What are the prime factors of p?
479
Let o = -3019 + 10024. List the prime factors of o.
3, 5, 467
Let p be ((-2)/(72/156))/((-2)/(-30)). Let w = 288 + p. List the prime factors of w.
223
Let i be -14*(18/48)/(1/12). Let n = i - -88. Let q(o) = -o**3 + 26*o**2 - 21*o - 10. What are the prime factors of q(n)?
2, 3, 5
Let a(q) be the third derivative of -1/24*q**4 - 1/3*q**3 + 0*q - 8*q**2 + 0 + 1/12*q**5. What are the prime factors of a(-6)?
2, 23
Suppose 0 = 4*f - 6*o + 3*o, 2*f - 5*o = 0. Suppose -10*u + 4*u + 18 = f. Suppose 2*t + 4*w - 230 = 0, 5*t = -u*w - 152 + 755. List the prime factors of t.
3, 41
Let c be (4 - 65/15)/(1/(-48)). Let t(g) = g**2 - 15*g - 11. Let k be t(c). Suppose 5*o = -0*f + 4*f - 241, 0 